b(a) = 6*a - 8. Let t(z) = -3*b(z) + 4*k(z). What are the prime factors of t(m)?
2
Let m = 910 - 636. List the prime factors of m.
2, 137
Let f(a) = a**2 - 4*a - 3. Let r be f(4). Let p be (2 + r)/((-3)/6). List the prime factors of 10 + (p - (4 + -2)).
2, 5
Suppose -29*o + 25*o = -296. List the prime factors of o.
2, 37
Suppose -3*s = -6*s + 3. Suppose 0 = -5*b + 3*g - 6*g + s, -b - 3*g = 7. List the prime factors of b.
2
Let p(x) = -x**2 + 8*x + 6. Let b be p(8). Let w = 10 - b. List the prime factors of w.
2
Let m(x) = x**2 - 4*x - 8. Suppose 5*r - 18 = -2*g + 15, -5*r + 9 = -4*g. Suppose 7*c - 2*c = r*d + 40, 3*c - 20 = -d. List the prime factors of m(c).
13
Suppose -4*x + 112 = 3*f, -3*f + x = -106 - 1. Suppose -b - 5*i = -f, -3*i + 49 = 2*b - 16. List the prime factors of b.
31
Suppose 2*t - 108 = -5*w, 4*w = -2*t + 83 + 5. What are the prime factors of w?
2, 5
Let b be 2 + (1 - 2) + 75. Let k be b/6 + (-2)/(-6). Suppose 0 = 5*f - 0*f - 4*v - 41, -5*v - k = -2*f. List the prime factors of f.
3
Suppose 4*d = -p + 154, p - 348 = -p + 2*d. List the prime factors of p.
2, 5, 17
Let w(d) = d**2 + 7*d - 5. Let p be w(-8). Suppose 3*t - 5 = 10. Let q = p + t. What are the prime factors of q?
2
Suppose -2*b + b = -27. Let z = b + -12. What are the prime factors of z?
3, 5
Suppose 0*m - 16 = -2*z - 2*m, 30 = 2*z - 5*m. List the prime factors of z.
2, 5
Suppose -10 = -i + 53. List the prime factors of i.
3, 7
Let i = 0 + 2. Suppose -i*k + 25 = -3*k. What are the prime factors of (8/5)/((-5)/k)?
2
Let g = 225 + -161. What are the prime factors of g?
2
List the prime factors of 14/12*4 - 26/39.
2
Let o be (-4)/3*27/(-2). Suppose -3*d + s + 0 = -14, 3*d + 3*s = o. What are the prime factors of d?
5
What are the prime factors of -1 + 175 + -7 + 0/2?
167
Let d(p) be the first derivative of p**4/4 - 5*p**3/3 + 5*p**2/2 - 3*p + 1. Let x be d(5). Suppose -x = -4*h - 2. What are the prime factors of h?
5
Suppose -3*l - 2*q = -0*q - 491, 0 = -3*q - 15. What are the prime factors of l?
167
Let k = -4 + 6. Suppose 0*t - 48 = -4*t + 2*s, -k*t - 3*s + 40 = 0. List the prime factors of t.
2, 7
Let t(v) = 4*v**2 + 3*v + 5. Let u = -10 - -6. Let z be t(u). Suppose 3*a - z = -5*i, -6 - 3 = -i - 3*a. What are the prime factors of i?
2, 3
Suppose 3*n + 5 + 19 = 0. Let p(h) = h**3 + 9*h**2 + 8*h - 8. Let q be p(n). Let u = 17 + q. List the prime factors of u.
3
Suppose -5*o = -379 - 491. What are the prime factors of o?
2, 3, 29
Suppose 9 = -v + 5. Suppose 2*b + 23 = 3. Let d = v - b. List the prime factors of d.
2, 3
Suppose 0 = -2*j - 5*u + 173, 4*j - 5*j - 4*u = -91. What are the prime factors of j?
79
Let x = 5 + -1. Let m = x - 4. Suppose m = a + 4*a - 50. What are the prime factors of a?
2, 5
Let h(m) = m**3 + 5*m**2 - 8*m - 10. List the prime factors of h(-6).
2
Suppose 0*c - 4*c + 128 = 0. Let n = 33 + c. Suppose -5*v + 4*m + 105 = 0, 0 = -5*v - 4*m - 0*m + n. What are the prime factors of v?
17
Let p(k) = 2*k**2 + 7*k + 8. What are the prime factors of p(-6)?
2, 19
Let k = 4 - 2. Let i(h) = 9 + h**k + 0 + 5*h - 6. List the prime factors of i(-5).
3
Suppose -3*c + 0*c = -9. Suppose 0 = 2*h + c*x - 20, x - 30 = -h - 3*h. Let a = -5 + h. What are the prime factors of a?
2
Let o(c) = c**2 + 6*c + 6. Let z be o(-4). Let g = z + 8. What are the prime factors of g?
2, 3
Let q be 0*((-2)/(-4) + -1). Suppose -49 = -3*v + 32. Suppose q = -g - 2*g + v. What are the prime factors of g?
3
Let m be ((-2)/(-3))/(2/(-3)). Let b(x) = -10*x - 4 + 4. List the prime factors of b(m).
2, 5
Let a = 13 - 1. Suppose -4*w = -12, 5*i + 1 + 1 = 4*w. Suppose 2*l - a = -i. List the prime factors of l.
5
Let i(p) = -2*p + 7. Let x be i(5). List the prime factors of 35/3 + x/(-9).
2, 3
Let p(j) = j**3 + 11*j**2 + 5*j - 12. What are the prime factors of p(-10)?
2, 19
What are the prime factors of ((-18)/(-12))/((-2)/(-248))?
2, 3, 31
List the prime factors of ((-1)/2)/((-3)/204).
2, 17
Suppose -4*g + 5*w = -1072, -4*g - 2*w + 1112 = 3*w. What are the prime factors of g?
3, 7, 13
Suppose 4*j + 5 = -7. Let o(z) be the third derivative of z**6/120 + z**5/20 - z**4/24 - 4*z**2. List the prime factors of o(j).
3
Let m(x) = -24*x - 1. Let y be m(-2). Suppose 4*g = y + 61. What are the prime factors of 4*3*36/g?
2
Let p(s) be the first derivative of 35*s**3/3 - 3*s**2/2 - 2*s + 2. List the prime factors of p(-1).
2, 3
Suppose -5*k + 20 + 0 = 0, 0 = -4*u + 3*k + 728. List the prime factors of u.
5, 37
Let y be -1 + 2 - (4 - 6). Suppose n - 2*n - 26 = -a, y*n = 3. List the prime factors of a.
3
Suppose -4*d + 3*m + 63 = 9, -51 = -3*d - 3*m. Let x(u) = u**3 + 6*u**2 + 7*u. Let y be x(-5). Let o = d + y. List the prime factors of o.
5
Let h = -21 + 32. Suppose u - 4 + 10 = 0. Let k = h + u. List the prime factors of k.
5
List the prime factors of 29/2*9/((-9)/(-10)).
5, 29
Let g(k) = 14*k**2 - 2*k - 1. Let s be g(-1). List the prime factors of (-4)/10 - (-156)/s.
2, 5
Let c(x) be the second derivative of 1/6*x**3 + 0 + 1/2*x**4 - 1/2*x**2 - 2*x. List the prime factors of c(1).
2, 3
Suppose 13*b = 10*b + 2*j + 1126, -5*b + 2*j = -1878. What are the prime factors of b?
2, 47
List the prime factors of 752/24*(-3)/(-2).
47
Let w = -1 - -10. What are the prime factors of w/4*(6 - -2)?
2, 3
Suppose -43 = -t + r, -2*t + 2*r = -t - 47. List the prime factors of t.
3, 13
Suppose -4*w - 2*v = -6*w + 34, -3*w + 5*v = -61. Suppose 2*l = l. Let j = l + w. What are the prime factors of j?
2, 3
Let j be 1*(3*-4)/(-3). Suppose -j*r = 4 + 12. Let i = r - -6. What are the prime factors of i?
2
Let m(i) = -i + 49. What are the prime factors of m(0)?
7
Let j = -4 + -2. Let y = 10 + j. What are the prime factors of y?
2
Suppose -18 = -2*d - 4*i, 3*i + 54 = 4*d - d. What are the prime factors of d?
3, 5
What are the prime factors of (-1)/((-3476)/(-10527) - (-2)/(-6))?
11, 29
Suppose 2*d - 4 = -2. List the prime factors of d/1*(1 + 3).
2
What are the prime factors of (-1)/(-2) - ((-422)/4 - 5)?
3, 37
Let j(v) = 3*v**2 + 8*v + 1. Let t be j(-4). Suppose q - 8 - t = -2*y, -y - 64 = -4*q. List the prime factors of q.
17
Let l(n) be the third derivative of n**6/120 + n**5/15 + n**4/6 + 7*n**3/6 - 4*n**2. Let z be l(-5). Let g = z + 60. List the prime factors of g.
2, 11
Let s(h) = -h**2 - 9*h - 2. Let g(w) = w. Let p(t) = 2*g(t) + s(t). Let x be p(-7). What are the prime factors of (x + 0)/(8/(-12))?
3
Let l(g) = g**3 - 8*g - 3*g**3 - 2 - g**2 + g**3 + 10*g**2. Let i be l(8). What are the prime factors of i/(3 - 7/2)?
2
Let d be -2 - ((-22)/(-2))/(-1). Let s = d - 9. Suppose 6*c + 95 = 5*y + c, s = -5*y + 4*c + 91. What are the prime factors of y?
3, 5
Suppose -4*u - 3*u = -371. List the prime factors of u.
53
Suppose 268 = -141*u + 145*u. List the prime factors of u.
67
Suppose -c = 1, -4*c - 1 - 6 = -i. Suppose -6 = -3*r - i*h + 6, -h - 8 = -r. What are the prime factors of r?
2, 3
Let n be (2 - 1)*(1 - 0). Suppose -3*c + 2 = -4*m, 2*c = m + n - 3. List the prime factors of m/(-5) - 36/(-10).
2
Let g(u) = -u**2 + 13*u - 8. List the prime factors of g(12).
2
Let j(a) = 53*a**2 - a. List the prime factors of j(1).
2, 13
Suppose -l = 2*b + 1, 2*b + 4*l = -l - 21. Suppose 0 = -8*v + b*v + 90. What are the prime factors of v?
3, 5
Let h = -3 + 15. What are the prime factors of (h/(-24))/(2/(-152))?
2, 19
Let w be (-4)/(-14) + (-204)/(-21). Suppose 4*j = -j - 3*p + w, 0 = -3*j - 5*p + 6. Suppose 2*u = 24 - j. What are the prime factors of u?
11
Let x(y) = -11*y - 14. What are the prime factors of x(-7)?
3, 7
Let g be 2*(-1)/(-2) - 0. Suppose -i = -g, x - 1 = -5*i + 7. List the prime factors of x.
3
Let d be -3*(-4)/(-6)*-2. Suppose -4*y + 5*f = -30, 0*y = d*y + 4*f - 48. Let q = y + -2. What are the prime factors of q?
2
List the prime factors of (-1)/3*-3 + (-363)/(-3).
2, 61
Suppose -3 = -3*d + 141. What are the prime factors of d?
2, 3
Suppose 2*h + 4 = 4*h. Suppose -9*d = -4*d - 50. Suppose h*j + 0 - d = 0. What are the prime factors of j?
5
Let y = 3 - 2. Let n(h) = h**2 + 2*h - 1. Let a be n(y). Suppose g + a*g = 24. What are the prime factors of g?
2
Let v = -76 + 291. List the prime factors of v.
5, 43
Let w(u) = -4*u - 18. Let f be -2 + (-2*1 - -2). Let k(a) = 2*a + 9. Let t(s) = f*w(s) - 5*k(s). What are the prime fa